0425 - -4?
-620421
In base 11, what is -3 - 3a77?
-3a7a
In base 11, what is 9 - 40678?
-4066a
In base 5, what is 103 + -224011?
-223403
In base 7, what is -1 + -3531241?
-3531242
In base 6, what is 341 - -44401?
45142
In base 15, what is 7d1 - 3?
7cd
In base 6, what is -1225130 + -1?
-1225131
In base 3, what is -110021222 - -10?
-110021212
In base 8, what is 271 + -102?
167
In base 6, what is 100142 + 113?
100255
In base 7, what is 266136 - -1?
266140
In base 14, what is 19 - 160c8?
-160ad
In base 13, what is 6c6 + -8a1?
-1a8
In base 10, what is 22 - -18954?
18976
In base 13, what is 7a135b - -5?
7a1363
In base 2, what is -10 - -10110001101110110?
10110001101110100
In base 2, what is -101 + 1100000000001?
1011111111100
In base 3, what is 12 - -12121100?
12121112
In base 14, what is -28c99 + 17?
-28c82
In base 5, what is -1 + 103022230?
103022224
In base 3, what is -100020 + -10?
-100100
In base 12, what is -168 + 2127?
1b7b
In base 9, what is 73286 - 2?
73284
In base 13, what is 2 + 336580?
336582
In base 9, what is -171 + 14201?
14020
In base 14, what is -1 + 292cdb?
292cda
In base 16, what is 6 + 6aad?
6ab3
In base 14, what is 42d + -5?
428
In base 4, what is 21103000311 + -2?
21103000303
In base 4, what is 13301100 - 2?
13301032
In base 6, what is 31 + 2032034?
2032105
In base 8, what is -1240 - 13?
-1253
In base 10, what is -35690 + -5?
-35695
In base 12, what is -26073 + -3?
-26076
In base 16, what is 1a08 + b?
1a13
In base 16, what is 14b - 1b8?
-6d
In base 12, what is -1 + 3491?
3490
In base 5, what is -321340 + 4?
-321331
In base 13, what is -2 - -317c?
317a
In base 7, what is 6 + -630?
-621
In base 6, what is -3205 - 23205?
-30414
In base 7, what is -32650 + -20?
-33000
In base 5, what is 41012 - -34?
41101
In base 8, what is 5 - 21164?
-21157
In base 15, what is -231 + -2e7?
-528
In base 14, what is 0 + -27d1bd?
-27d1bd
In base 6, what is -2 - 2143420?
-2143422
In base 2, what is -11101011000111 - 1001010?
-11101100010001
In base 14, what is 4 - -13a5?
13a9
In base 16, what is -58 - -91?
39
In base 7, what is 5413346 - -4?
5413353
In base 2, what is -101 - 101000101111101011?
-101000101111110000
In base 2, what is 110 + 10011010101011010?
10011010101100000
In base 9, what is 112754 + 1?
112755
In base 16, what is 34806c + 3?
34806f
In base 6, what is -13 - 3340322?
-3340335
In base 4, what is 3333300 - -3?
3333303
In base 16, what is -4 + -17f443?
-17f447
In base 10, what is 238 - -621?
859
In base 14, what is -19572 + 2?
-19570
In base 11, what is -a + 3a9158?
3a9149
In base 9, what is 274 - -82?
366
In base 15, what is 6 + 479?
480
In base 3, what is -11212220101 - -1000?
-11212212101
In base 2, what is 10100 - 1010110?
-1000010
In base 3, what is -1110002220001 + -1?
-1110002220002
In base 5, what is -130 - 23200?
-23330
In base 15, what is 22d + -1871?
-1643
In base 3, what is -21122210221 + -12?
-21122211010
In base 12, what is 17ab + -17b?
1630
In base 12, what is 3182a + 6?
31834
In base 9, what is 84086 - -1?
84087
In base 6, what is -11 + -213330?
-213341
In base 10, what is 33813 - 145?
33668
In base 10, what is 5 - -89949?
89954
In base 3, what is -11100 - -2200?
-1200
In base 3, what is 1101112102101 - 12?
1101112102012
In base 7, what is -1063 + 2?
-1061
In base 13, what is 83 - -2b?
b1
In base 9, what is 73 + 88?
172
In base 14, what is 1 - -4566c?
4566d
In base 2, what is 100000011001100 - 10011?
100000010111001
In base 2, what is 11 + -1000100010011101?
-1000100010011010
In base 14, what is 3489 + 10?
3499
In base 10, what is -521 - 5?
-526
In base 2, what is -100010000000111000 - -11?
-100010000000110101
In base 14, what is 2a93 - dc?
2995
In base 6, what is -22554002 + -4?
-22554010
In base 9, what is 236 - -3737?
4074
In base 14, what is 1d0 + 161?
351
In base 16, what is b + 1e2?
1ed
In base 15, what is -5 + -d75?
-d7a
In base 8, what is -3044 - 17?
-3063
In base 3, what is 102111 + 22202?
202020
In base 7, what is -4 - -240000?
236663
In base 16, what is -2 - -4f737?
4f735
In base 9, what is 22 + -146532?
-146510
In base 4, what is -113302032 + 1?
-113302031
In base 12, what is -14a5815 - 0?
-14a5815
In base 3, what is 11 - -1000121200222?
1000121201010
In base 11, what is 127 - -997?
1013
In base 16, what is -9 - -36ec5?
36ebc
In base 5, what is -43342 + 3323?
-40014
In base 2, what is 1100 + -111000100011111?
-111000100010011
In base 12, what is 642 - -6?
648
In base 14, what is -421 + -23?
-444
In base 16, what is 2d68 - -1?
2d69
In base 15, what is -6 + -20cb9?
-20cc0
In base 12, what is 102 + a21?
b23
In base 6, what is 532 - -12230?
13202
In base 12, what is -19aa71 - a?
-19aa7b
In base 4, what is -221 - 3103?
-3330
In base 7, what is 5 - -13243123?
13243131
In base 6, what is -12 + 13312?
13300
In base 10, what is 5 - 523918?
-523913
In base 12, what is 67 + 14127?
14192
In base 4, what is -201200332 - 0?
-201200332
In base 11, what is 2288 + -106?
2182
In base 3, what is -120012110 - 121?
-120020001
In base 8, what is 5317 + -12?
5305
In base 6, what is 54 - -5120?
5214
In base 11, what is -42 - -230?
199
In base 6, what is -3 - -15201523?
15201520
In base 13, what is -10352 - -b?
-10344
In base 10, what is 23 + -1423?
-1400
In base 11, what is -19 - 1227?
-1245
In base 5, what is 33203 + -101?
33102
In base 7, what is 1 + -563523?
-563522
In base 16, what is -675c - -1?
-675b
In base 14, what is 13590 + 1?
13591
In base 6, what is -233432 - 11?
-233443
In base 7, what is -100424 + -303?
-101030
In base 8, what is 4207 + 11?
4220
In base 14, what is 90c2 - -6?
90c8
In base 4, what is 101131 + -10113?
31012
In base 7, what is 436425 + -3?
436422
In base 5, what is 311 + 1412?
2223
In base 7, what is 4 + 153030?
153034
In base 3, what is -1020 + -202122?
-210212
In base 11, what is 2 - 415384?
-415382
In base 10, what is 1 + -78509?
-78508
In base 9, what is 32 + 105?
137
In base 4, what is -1122110002 + -3?
-1122110011
In base 11, what is 330a + 21?
3330
In base 9, what is -71426 + 2?
-71424
In base 15, what is -5 + -1045?
-104a
In base 2, what is -10 + 110100001111110011?
110100001111110001
In base 10, what is -18355 + 1?
-18354
In base 8, what is 15441 + -4?
15435
In base 5, what is 122 + -23441?
-23314
In base 12, what is 1893 - -2?
1895
In base 5, what is -1140 + -421?
-2111
In base 15, what is -147e + be?
-13b0
In base 5, what is -13 - -411233?
411220
In base 7, what is -3251 - -64?
-3154
In base 15, what is -5 - -5323c?
53237
In base 11, what is -167994 - -2?
-167992
In base 13, what is -33163 + 4?
-3315c
In base 5, what is 11132 + -3430?
2202
In base 8, what is 1720345 - 5?
1720340
In base 12, what is -235a59 - 4?
-235a61
In base 16, what is -2 + adb3?
adb1
In base 6, what is -120144 + -113?
-120301
In base 15, what is -2450 + -3d?
-248d
In base 14, what is 8 - -81451?
81459
In base 15, what is 2 - ee8b?
-ee89
In base 14, what is -8 - 29dc?
-2a06
In base 2, what is 10001101011111 - 10?
10001101011101
In base 12, what is 1083 + 4a?
1111
In base 16, what is 132d - 3?
132a
In base 7, what is -4 + 5624?
5620
In base 3, what is -1010 + -201122102?
-201200112
In base 12, what is 24 - 17133?
-1710b
In base 4, what is -10 + 2300313121?
2300313111
In base 14, what is -853 - -156?
-6db
In base 2, what is -1000111110010111010 - 0?
-1000111110010111010
In base 3, what is 12 + -21221110?
-21221021
In base 13, what is -747 + -121?
-868
In base 4, what is 23 + -12101122?
-12101033
In base 8, what is 6564 - -232?
7016
In base 14, what is -3 - 6d77?
-6d7a
In base 2, what is -10111110111 + -10100011?
-11010011010
In base 2, what is -10 + -101000100010110100?
-101000100010110110
In base 8, what is -1134671 - 7?
-1134700
In base 9, what is 1007243 + 4?
1007247
In base 9, what is 767 + 6875?
7753
In base 7, what is 104642 - 6?
104633
In base 14, what is 1 - -48a9?
48aa
In base 8, what is -1270321 + 4?
-1270315
In base 6, what is 134552 + 25?
135021
In base 2, what is -101110 + 100110011010110110?
100110011010001000
In base 7, what is -2 + 126060?
126055
In base 11, what is -4211 + 20?
-41a1
In base 14, what is -2ab36 - 3?
-2ab39
In base 13, what is -34c71 - -2?
-34c6c
In base 8, what is 11 + -102307?
-102276
In base 2, what is 10010 + 11110111010?
11111001100
In base 13, what is b63c + 0?
b63c
In base 11, what is -